) = -2*n**2 + n. Let w be a(2). Let v(l) = l**2 - 8*l. What are the prime factors of v(w)?
2, 3, 7
Suppose 3*x - 8 = -23, 0 = 2*q - 5*x - 125. Let w be ((-36)/(-8))/9*q. Suppose h - w = 9. List the prime factors of h.
2, 17
Let r = -9 - -9. Suppose r = -0*y + 5*y + 4*g - 13, 3*g = -4*y + 11. Suppose 53 = y*n - 52. List the prime factors of n.
3, 7
Let b(p) be the second derivative of p**7/2520 + p**6/90 + p**5/60 + p**4/3 - 4*p. Let t(g) be the third derivative of b(g). List the prime factors of t(-9).
11
Let d(w) = -w**2 - 3*w + 7. Let o(j) = -j**3 + 8*j**2 - 6*j - 4. Let h be o(7). Suppose -3*p + h = 15. List the prime factors of d(p).
3
Let x = -8 - -11. Suppose x*p - 35 = -5*f, -3*f = -f - 2. List the prime factors of p.
2, 5
Let s = 154 + -249. Let z = s - -162. What are the prime factors of z?
67
Suppose 2*k + b = 6*k - 2647, -5*b = 2*k - 1329. What are the prime factors of k?
2, 331
Let a(d) = 12*d**3 + d**2 + 3. Let j(n) = 3*n - 31. Let o be j(11). What are the prime factors of a(o)?
103
Let y(g) = 2*g**2 - 6*g + 9. Let p be y(6). Let c = -14 + p. Suppose -2*h = 2*l - 30, 0*h = 2*l + 3*h - c. List the prime factors of l.
2, 7
Suppose 0 = 4*j + 3*z + 6, 8 = 5*j - 6*z + 2*z. Suppose j = b + 3*b - 4. List the prime factors of 3 + -5 + b*47.
3, 5
Let a(j) = j**3 - 7*j**2 - 8*j - 6. Let z be a(8). List the prime factors of (-4)/z + 2736/27.
2, 3, 17
Let x(q) = q**2 + 7*q - 21. Let n be x(-12). Suppose 3*u = 75 + n. What are the prime factors of u?
2, 19
Let i be (3*-1)/((-24)/4 + 5). Suppose -g + i*h = -168, -h + 493 = 3*g + h. List the prime factors of g.
3, 5, 11
Suppose -c = -2*s - 294, -5 = 5*s - 0. List the prime factors of c.
2, 73
Let i(s) = 4*s + 28. Let g(y) = -y - 7. Let c(p) = 9*g(p) + 2*i(p). Let r(v) = -v**3 - 6*v**2 + v - 3. Let l be r(-6). What are the prime factors of c(l)?
2
Suppose 0 = -5*f - 2*h + 32, 0 = -4*f + 4*h - 21 + 69. Suppose 0*q - 4*q + f = 0. Suppose q*r - 34 = 34. List the prime factors of r.
2, 17
Let s = 3 - 1. Suppose 429 = 5*k + 4*n, 3*k - k - 168 = s*n. List the prime factors of k.
5, 17
Let c = 29 - 39. Let l(j) = j**2 + 4*j + 9. What are the prime factors of l(c)?
3, 23
Let r = 6 - 6. Suppose r = -2*y - 2*u + 10, 0 - 1 = -2*y + u. Suppose 74 = -0*o + 4*o - 3*w, y*w = -o + 24. List the prime factors of o.
2, 5
Let m = 39 + -18. Let v be 2/(-7) - (-48)/m. Suppose 6*c = v*c + 40. What are the prime factors of c?
2, 5
Suppose 0 = 69*q - 245308 - 23033. List the prime factors of q.
3889
Suppose 5*i = -l - 19 - 10, -2*i = 2*l + 10. Let g(o) = o**3 + 11*o**2 - 12*o + 2. What are the prime factors of g(i)?
2, 127
What are the prime factors of (-57357)/(-36) - 36/(-48)?
2, 797
Suppose 3*s - 4 = 2. Suppose 5*b + s*b = 462. List the prime factors of b.
2, 3, 11
Suppose -28 = 3*t - 2*q, -2*t + 3 = -0*t + 3*q. Let z(p) = p**3 + 9*p**2 + 5*p + 1. List the prime factors of z(t).
79
Suppose -294 - 258 = -4*q. What are the prime factors of 3/6*q/1?
3, 23
Let r(b) = b**3 + 5*b + 1462. What are the prime factors of r(0)?
2, 17, 43
Suppose -3*u = -2*t - t + 159, -4*u = 5*t - 283. List the prime factors of t.
5, 11
Let b = -1 + 13. What are the prime factors of b/(-20) + 236/10?
23
Let z be (-28)/3*1944/(-84). Suppose -z = -3*q - 3*q. List the prime factors of q.
2, 3
Let c(s) = 2*s**3 + 3*s**2 - 8*s + 5. Let d(u) = 3*u**3 + 7*u**2 - 16*u + 11. Let h(v) = 5*c(v) - 3*d(v). What are the prime factors of h(6)?
2, 5
Let d = -8 - -212. Suppose -6*b = -d + 48. What are the prime factors of b?
2, 13
Let n = 41 - 37. Suppose 5*q - 87 = -2*o, -n*q + q = 2*o - 85. List the prime factors of o.
41
Suppose -1046 = -6*d + 4*d. List the prime factors of d.
523
Suppose -9 = -5*q + 6. Suppose 3*x = -q, 2*c - 33 = 3*x + 122. List the prime factors of c.
2, 19
Let p(x) = 4*x**3 + 4*x**2 - 7*x - 32. What are the prime factors of p(6)?
2, 467
Suppose -6*f + 40 = -2*f. Suppose 3*z + 2*z = f. Let g = z - -12. What are the prime factors of g?
2, 7
Let o be (2135/10)/7*4. Suppose -3*y = -196 - o. List the prime factors of y.
2, 53
Let h be (1 + -3)*1589/14. Let d = -133 - h. What are the prime factors of d?
2, 47
Let p = -24 - -13. Let z = -6 - p. Suppose 136 = z*u - u. What are the prime factors of u?
2, 17
Let z(d) = 5*d**2 + 4*d - 2. Let b(k) = k**3 + 6*k**2 + 5*k - 2. Let c(h) = -5*b(h) + 6*z(h). What are the prime factors of c(-1)?
2
What are the prime factors of (-8)/14 + 19836/21?
2, 59
Let b = -35 - -33. List the prime factors of 966/12 + 1/b.
2, 5
Let u(q) = 19*q - 2. Let v(l) = -37*l + 3. Let x(d) = 11*u(d) + 6*v(d). Let k(n) = 27*n + 9. Let z(y) = 4*k(y) + 9*x(y). What are the prime factors of z(-2)?
2, 3
Suppose 0 = -8*p + 1994 - 378. List the prime factors of p.
2, 101
Let g(f) = -f**3 - 2*f**2 - 1. Let o be g(-3). Let m be (-1 - -3)/((-4)/o). List the prime factors of 3*m/(-4)*8.
2, 3
Let m(o) = 4*o**2 + o + 2. Let s(d) = 5*d**2 + d + 2. Let b(z) = 6*m(z) - 5*s(z). Let x be b(2). Suppose -11 = -x*v - v. List the prime factors of v.
11
Let a = 4599 + -2522. What are the prime factors of a?
31, 67
Let g = -43 - -48. Suppose g*u - 46 = -3*r - 0*u, 0 = -4*r + 5*u + 38. List the prime factors of r.
2, 3
Let v be (-4)/(-16) + (-2471)/(-4) + -3. List the prime factors of ((-2)/2)/(3*(-5)/v).
41
Suppose 34*b = 38*b - 20. Suppose 2 - 447 = -b*j. What are the prime factors of j?
89
Suppose -11*f + 74*f = 137970. What are the prime factors of f?
2, 3, 5, 73
Let r(h) = 9*h**2 + 2*h. Let o be -4 - (1 - 6/2). List the prime factors of r(o).
2
Let y(b) = 9*b**3 + b. Let a be y(1). Let u(q) = q - 5. Let k be u(a). Let l(f) = f**3 - 3*f**2 - 5*f + 7. What are the prime factors of l(k)?
2
Suppose -4*h - 3*g = 629, 0 = -2*h + 5*h - 2*g + 476. Let f = h - -396. What are the prime factors of f?
2, 7, 17
Let y be (-2 - 2)/(12/(-30)). Suppose 3*j = -9, 0 = -2*k + 4*j - y - 14. What are the prime factors of ((-18)/(-1))/((-12)/k)?
3
Let d = -224 - -459. List the prime factors of d.
5, 47
Let w be 6*(1 + 1/(-2)). Suppose -2*q + h = -4, 4 = 5*h - w*h. Suppose -2*r = q*r - 70. What are the prime factors of r?
2, 7
Let j = 26 - 11. Let z = j - 12. Suppose 0 = -z*n - 0*n + 141. What are the prime factors of n?
47
Let u(k) = k**3 - 2*k**2 - 3*k + 3. Let h be u(3). Suppose 0 = -h*j - 5*g - 20, -3*g = -0*g + 12. List the prime factors of 1/(1 + j)*9.
3
Suppose 42*r = 36*r + 3600. What are the prime factors of r?
2, 3, 5
Let g(h) = h**3 - 15*h**2 + 2*h + 80. List the prime factors of g(15).
2, 5, 11
Suppose 0 = -9*j + j + 7088. What are the prime factors of j/4 - (-6)/(-12)?
13, 17
Let n(a) be the second derivative of -a**4/12 - 7*a**3/6 + 2*a**2 - 10*a. Suppose 4*k = -7 - 9. What are the prime factors of n(k)?
2
Let f = -156 + 126. List the prime factors of -4*((-66)/4)/((-12)/f).
3, 5, 11
Let l(j) = 4*j - 2. Let t be l(-3). Let u = 6 - t. List the prime factors of u.
2, 5
Let q = 81 + -57. Let s = 16 + -31. Let i = q + s. List the prime factors of i.
3
Suppose 5*p - 20 = 0, 0*p = 4*b + p - 4. Suppose -6*y + 5*z = -4*y - 185, -2*y - 4*z + 230 = b. What are the prime factors of y?
3, 5, 7
Let x(v) be the first derivative of v**4/2 + 8*v**3/3 - 4*v**2 + 5*v + 1. Let o be x(-7). List the prime factors of o/(-7) + (-4)/14.
3, 11
Suppose 7*s - 2*s = -90. Let a = s - -21. Suppose -w - 34 = -a*t, -36 = -2*t + 3*w - 5*w. List the prime factors of t.
13
Suppose -10 - 26 = -9*p. List the prime factors of p/((-122)/(-280) + 2/(-5)).
2, 7
Suppose 4*n - 9*n - 85 = 0. What are the prime factors of n/3*456/(-8)?
17, 19
Suppose -i = -2*b + 60, -5*b + 153 = -4*i - 0*i. Suppose b = t - 2. List the prime factors of t.
31
Let k(s) be the third derivative of -s**6/120 + 3*s**5/20 - s**4/2 + s**3 + 2*s**2. What are the prime factors of k(5)?
2, 23
Suppose -5*z - 199*g + 129 = -202*g, -5*g = -3*z + 87. What are the prime factors of z?
2, 3
What are the prime factors of (-52)/(-65) + ((-882)/(-10) - -1)?
2, 3, 5
Let v(i) = i**2 - 4*i + 7. Let w be v(5). Let m = -14 + w. Let g(h) = -h**3 + h + 2. What are the prime factors of g(m)?
2
Suppose -t + 18*k = 13*k - 235, 2*t - 3*k = 505. What are the prime factors of t?
2, 5, 13
Suppose 16*v + 2989 = 23*v. List the prime factors of v.
7, 61
Let i(t) be the third derivative of -1/60*t**5 + 0*t + 11/24*t**4 + 0 - 7*t**2 + 1/6*t**3. What are th